{"id":118,"date":"2022-06-29T22:21:30","date_gmt":"2022-06-29T20:21:30","guid":{"rendered":"https:\/\/beratungmitherz.ch\/?page_id=118"},"modified":"2025-02-01T08:50:36","modified_gmt":"2025-02-01T06:50:36","slug":"ueber-mich","status":"publish","type":"page","link":"https:\/\/beratungmitherz.ch\/?page_id=118","title":{"rendered":"\u00dcber mich"},"content":{"rendered":"\n<p class=\"has-text-align-center\">Seit vielen Jahren bin ich in engem Kontakt mit der geistigen Welt. Diese mediale F\u00e4higkeit wurde mir bewusst, als ich meine Oma verlor.<\/p>\n\n\n\n<p class=\"has-text-align-center\">Mich anders zu f\u00fchlen, war f\u00fcr mich im Alltag jedoch schon lange normal. Was nehme ich da wahr? Wieso sp\u00fcre ich so viel? Ich bin st\u00e4ndig ausgelaugt und kann mich oft nicht konzentrieren? Fragen \u00fcber Fragen.<\/p>\n\n\n\n<p class=\"has-text-align-center\">Im Laufe zahlreicher Aus- und Weiterbildungen erlernte ich Techniken, die es mir erm\u00f6glichten, meine Wahrnehmungen zu benennen. Sozusagen es zu &#8222;\u00fcbersetzen&#8220;. Es hilft mir die geistige Welt wahrzunehmen und mit ihr zu arbeiten. Aus vielen verschiedenen Techniken habe ich nun meine eigene Methode entwickelt. Ich lerne stehts dazu und bei mir gibt es kein Richtig oder Falsch. Was du wahrnimmst ist f\u00fcr dich richtig.<\/p>\n\n\n\n<p class=\"has-text-align-center\">Ich glaube, dass jeder von uns die F\u00e4higkeit besitzt, mit anderen Seelen in Kontakt zu treten, ob sie nun verstorben sind oder noch leben. Viele haben diese F\u00e4higkeit jedoch verlernt. In meinen Beratungen und Massagen kann ich dich dazu anleiten oder ich &#8222;\u00fcbersetze&#8220; eine Botschaft f\u00fcr dich.<\/p>\n\n\n\n<p class=\"has-text-align-center\">Ob ich in der Beratung mit mentalen, sensitiven oder medialen Techniken arbeite, lasse ich w\u00e4hrend den Beratungen entstehen. Mir ist es wichtig, dass du dich wohlf\u00fchlst. Da f\u00fcr viele, wie auch f\u00fcr mich, die Natur ein Kraftort ist, tanke ich immer wieder in ihr auf. Steine, Karten, Pendel und Hom\u00f6opathie unterst\u00fctzen meine Arbeit. Weiter wachsen wollen und andere dazu zu beraten ist mir eine Herzensangelegenheit. Mein Lehrer ist das Leben; wenn ich ihm zuh\u00f6re, verstehe ich, was es mich lehren m\u00f6chte. &#8222;Ich lerne von dir und du lernst von mir.&#8220; Ist mir ein gro\u00dfer Leitsatz. <\/p>\n\n\n\n<p class=\"has-text-align-center\">Der K\u00f6rper darf nicht aussen vor gelassen werden, deshalb biete ich f\u00fcr eine ganzheitliche Behandlung von K\u00f6rper, Geist und Seele- Fussreflexzonenmassagen an. <\/p>\n\n\n\n<p class=\"has-text-align-center\">Zu meiner Person: Ich bin lebensfroh, herzlich, offen und direkt. Ich bin ein Familienmensch, Mutter und Ehefrau. Ich fotografiere und lese gerne. Am liebsten entdecke ich in der Natur Neues.<\/p>\n\n\n\n<p class=\"has-text-align-center\">Nach der Schule, machte ich in einem Alters- und Pflegeheim ein Praktikum in der Pflege. Dies lies mich schon fr\u00fch mit dem Tod in Ber\u00fchrung kommen. Danach machte ich die Ausbildung zur Fachfrau Gesundheit ebenfalls in einem Alters- und Pflegeheim. Nach kurzer Reise nach Neuseeland, begann ich dann noch die Ausbildung zur diplomierten Pflegefachfrau im Kinderspital St. Gallen. Dort lernte ich den Umgang mit dem Tod auf eine ganz andere Art und Weise kennen. Ich lernte aber auch das Leben sch\u00e4tzen, denn die Kinder sind uns ein grosser Lehrer dazu. Nebenbei spielte ich aktiv Korbball und leitete das Ger\u00e4teturnen im Turnverein. Nach der Ausbildung zog es mich vom Kanton St. Gallen in den Kanton Bern. Ich arbeitete f\u00fcr kurze Zeit in der Kinderklinik im Inselspital. Als Ausgleich sang ich in einem gemischten Chor.<\/p>\n\n\n\n<p class=\"has-text-align-center\">Danach kehrte ich zu meinen Wurzeln zur\u00fcck ins Pflegeheim und arbeitet dort als Pflegefachfrau, sp\u00e4ter in verschiedenen Funktionen in der F\u00fchrung\/ Fachverantwortung\/ Coaching. <\/p>\n\n\n\n<p class=\"has-text-align-center\">Mit 31 Jahren durfte ich das erste mal Mutter werden und nun seit Oktober 2023 das zweite mal. In der Rolle als Mutter, entdeckte ich die Hochsensibilit\u00e4t welches mein Sein abrundete. <\/p>\n\n\n<div class=\"wp-block-image is-style-rounded\">\n<figure class=\"aligncenter size-full\"><img loading=\"lazy\" decoding=\"async\" width=\"800\" height=\"600\" src=\"https:\/\/beratungmitherz.ch\/wp-content\/uploads\/2022\/07\/20220525_161152.jpg\" alt=\"\" class=\"wp-image-185\" srcset=\"https:\/\/beratungmitherz.ch\/wp-content\/uploads\/2022\/07\/20220525_161152.jpg 800w, https:\/\/beratungmitherz.ch\/wp-content\/uploads\/2022\/07\/20220525_161152-300x225.jpg 300w, https:\/\/beratungmitherz.ch\/wp-content\/uploads\/2022\/07\/20220525_161152-768x576.jpg 768w, https:\/\/beratungmitherz.ch\/wp-content\/uploads\/2022\/07\/20220525_161152-80x60.jpg 80w\" sizes=\"auto, (max-width: 800px) 100vw, 800px\" \/><\/figure>\n<\/div>","protected":false},"excerpt":{"rendered":"<p>Seit vielen Jahren bin ich in engem Kontakt mit der geistigen Welt. Diese mediale F\u00e4higkeit wurde mir bewusst, als ich meine Oma verlor. Mich anders zu f\u00fchlen, war f\u00fcr mich im Alltag jedoch schon lange normal. Was nehme ich da wahr? Wieso sp\u00fcre ich so viel? Ich bin st\u00e4ndig ausgelaugt und kann mich oft nicht &hellip; <\/p>\n","protected":false},"author":3,"featured_media":300,"parent":0,"menu_order":2,"comment_status":"closed","ping_status":"closed","template":"","meta":{"footnotes":""},"class_list":["post-118","page","type-page","status-publish","has-post-thumbnail","hentry","latest_post"],"_links":{"self":[{"href":"https:\/\/beratungmitherz.ch\/index.php?rest_route=\/wp\/v2\/pages\/118","targetHints":{"allow":["GET"]}}],"collection":[{"href":"https:\/\/beratungmitherz.ch\/index.php?rest_route=\/wp\/v2\/pages"}],"about":[{"href":"https:\/\/beratungmitherz.ch\/index.php?rest_route=\/wp\/v2\/types\/page"}],"author":[{"embeddable":true,"href":"https:\/\/beratungmitherz.ch\/index.php?rest_route=\/wp\/v2\/users\/3"}],"replies":[{"embeddable":true,"href":"https:\/\/beratungmitherz.ch\/index.php?rest_route=%2Fwp%2Fv2%2Fcomments&post=118"}],"version-history":[{"count":22,"href":"https:\/\/beratungmitherz.ch\/index.php?rest_route=\/wp\/v2\/pages\/118\/revisions"}],"predecessor-version":[{"id":546,"href":"https:\/\/beratungmitherz.ch\/index.php?rest_route=\/wp\/v2\/pages\/118\/revisions\/546"}],"wp:featuredmedia":[{"embeddable":true,"href":"https:\/\/beratungmitherz.ch\/index.php?rest_route=\/wp\/v2\/media\/300"}],"wp:attachment":[{"href":"https:\/\/beratungmitherz.ch\/index.php?rest_route=%2Fwp%2Fv2%2Fmedia&parent=118"}],"curies":[{"name":"wp","href":"https:\/\/api.w.org\/{rel}","templated":true}]}}

Über mich

<p class="has-text-align-center">Seit vielen Jahren bin ich in engem Kontakt mit der geistigen Welt. Diese mediale Fähigkeit wurde mir bewusst, als ich meine Oma verlor.</p>



<p class="has-text-align-center">Mich anders zu fühlen, war für mich im Alltag jedoch schon lange normal. Was nehme ich da wahr? Wieso spüre ich so viel? Ich bin ständig ausgelaugt und kann mich oft nicht konzentrieren? Fragen über Fragen.</p>



<p class="has-text-align-center">Im Laufe zahlreicher Aus- und Weiterbildungen erlernte ich Techniken, die es mir ermöglichten, meine Wahrnehmungen zu benennen. Sozusagen es zu &#8222;übersetzen&#8220;. Es hilft mir die geistige Welt wahrzunehmen und mit ihr zu arbeiten. Aus vielen verschiedenen Techniken habe ich nun meine eigene Methode entwickelt. Ich lerne stehts dazu und bei mir gibt es kein Richtig oder Falsch. Was du wahrnimmst ist für dich richtig.</p>



<p class="has-text-align-center">Ich glaube, dass jeder von uns die Fähigkeit besitzt, mit anderen Seelen in Kontakt zu treten, ob sie nun verstorben sind oder noch leben. Viele haben diese Fähigkeit jedoch verlernt. In meinen Beratungen und Massagen kann ich dich dazu anleiten oder ich &#8222;übersetze&#8220; eine Botschaft für dich.</p>



<p class="has-text-align-center">Ob ich in der Beratung mit mentalen, sensitiven oder medialen Techniken arbeite, lasse ich während den Beratungen entstehen. Mir ist es wichtig, dass du dich wohlfühlst. Da für viele, wie auch für mich, die Natur ein Kraftort ist, tanke ich immer wieder in ihr auf. Steine, Karten, Pendel und Homöopathie unterstützen meine Arbeit. Weiter wachsen wollen und andere dazu zu beraten ist mir eine Herzensangelegenheit. Mein Lehrer ist das Leben; wenn ich ihm zuhöre, verstehe ich, was es mich lehren möchte. &#8222;Ich lerne von dir und du lernst von mir.&#8220; Ist mir ein großer Leitsatz. </p>



<p class="has-text-align-center">Der Körper darf nicht aussen vor gelassen werden, deshalb biete ich für eine ganzheitliche Behandlung von Körper, Geist und Seele- Fussreflexzonenmassagen an. </p>



<p class="has-text-align-center">Zu meiner Person: Ich bin lebensfroh, herzlich, offen und direkt. Ich bin ein Familienmensch, Mutter und Ehefrau. Ich fotografiere und lese gerne. Am liebsten entdecke ich in der Natur Neues.</p>



<p class="has-text-align-center">Nach der Schule, machte ich in einem Alters- und Pflegeheim ein Praktikum in der Pflege. Dies lies mich schon früh mit dem Tod in Berührung kommen. Danach machte ich die Ausbildung zur Fachfrau Gesundheit ebenfalls in einem Alters- und Pflegeheim. Nach kurzer Reise nach Neuseeland, begann ich dann noch die Ausbildung zur diplomierten Pflegefachfrau im Kinderspital St. Gallen. Dort lernte ich den Umgang mit dem Tod auf eine ganz andere Art und Weise kennen. Ich lernte aber auch das Leben schätzen, denn die Kinder sind uns ein grosser Lehrer dazu. Nebenbei spielte ich aktiv Korbball und leitete das Geräteturnen im Turnverein. Nach der Ausbildung zog es mich vom Kanton St. Gallen in den Kanton Bern. Ich arbeitete für kurze Zeit in der Kinderklinik im Inselspital. Als Ausgleich sang ich in einem gemischten Chor.</p>



<p class="has-text-align-center">Danach kehrte ich zu meinen Wurzeln zurück ins Pflegeheim und arbeitet dort als Pflegefachfrau, später in verschiedenen Funktionen in der Führung/ Fachverantwortung/ Coaching. </p>



<p class="has-text-align-center">Mit 31 Jahren durfte ich das erste mal Mutter werden und nun seit Oktober 2023 das zweite mal. In der Rolle als Mutter, entdeckte ich die Hochsensibilität welches mein Sein abrundete. </p>


<div class="wp-block-image is-style-rounded">
<figure class="aligncenter size-full"><img loading="lazy" decoding="async" width="800" height="600" src="https://beratungmitherz.ch/wp-content/uploads/2022/07/20220525_161152.jpg" alt="" class="wp-image-185" srcset="https://beratungmitherz.ch/wp-content/uploads/2022/07/20220525_161152.jpg 800w, https://beratungmitherz.ch/wp-content/uploads/2022/07/20220525_161152-300x225.jpg 300w, https://beratungmitherz.ch/wp-content/uploads/2022/07/20220525_161152-768x576.jpg 768w, https://beratungmitherz.ch/wp-content/uploads/2022/07/20220525_161152-80x60.jpg 80w" sizes="auto, (max-width: 800px) 100vw, 800px" /></figure>
</div>

<p>Seit vielen Jahren bin ich in engem Kontakt mit der geistigen Welt. Diese mediale Fähigkeit wurde mir bewusst, als ich meine Oma verlor. Mich anders zu fühlen, war für mich im Alltag jedoch schon lange normal. Was nehme ich da wahr? Wieso spüre ich so viel? Ich bin ständig ausgelaugt und kann mich oft nicht &hellip; </p>
