{"id":119,"date":"2022-06-29T22:21:30","date_gmt":"2022-06-29T20:21:30","guid":{"rendered":"https:\/\/beratungmitherz.ch\/?page_id=119"},"modified":"2025-08-03T13:59:24","modified_gmt":"2025-08-03T11:59:24","slug":"beratung","status":"publish","type":"page","link":"https:\/\/beratungmitherz.ch\/?page_id=119","title":{"rendered":"Angebot"},"content":{"rendered":"\n<div class=\"wp-block-columns is-layout-flex wp-container-core-columns-is-layout-9d6595d7 wp-block-columns-is-layout-flex\">\n<div class=\"wp-block-column is-layout-flow wp-block-column-is-layout-flow\" style=\"flex-basis:100%\">\n<p class=\"has-text-align-center has-black-color has-text-color has-large-font-size\" style=\"font-style:normal;font-weight:500\"><strong>&#8230; Zirkel<\/strong><\/p>\n\n\n\n<p class=\"has-text-align-center has-medium-font-size\">Gemeinsam werden wir mit mentalen, sensitiven und medialen \u00dcbungen dein eigenes Potenzial entdecken. Du wirst lernen eine Verbindung zur geistigen Welt herzustellen und damit umzugehen. Zudem wirst du Muster und Blockaden bei dir und anderen wahrnehmen und lernen mit Ihnen umzugehen.  Lass dich \u00fcberraschen.<\/p>\n\n\n\n<p class=\"has-text-align-center has-medium-font-size\">Ort: M\u00f6sli 60, 3207 Wileroltigen<\/p>\n\n\n\n<p class=\"has-text-align-center\">H\u00e4ufigkeit: 1x pro Monat Samstagmorgen von 09.00 &#8211; 11.30 Uhr. <\/p>\n\n\n\n<p><\/p>\n\n\n\n<hr class=\"wp-block-separator has-alpha-channel-opacity\"\/>\n\n\n\n<p><\/p>\n\n\n\n<p><\/p>\n\n\n\n<p class=\"has-text-align-center has-large-font-size\"><strong>&#8230; Einzelberatung<\/strong><\/p>\n\n\n\n<ul class=\"wp-block-list\">\n<li><strong>Mediale Sitzung:<\/strong> Ich werde einen Kontakt zur geistigen Welt aufbauen und dir eine Botschaft \u00fcbermitteln. Dauer 1h &#8211; 1.5h<\/li>\n\n\n\n<li><strong>Sensitive Sitzung<\/strong>: Ich verbinde mich mit deiner Seele und sp\u00fcre was du jetzt und zuk\u00fcnftig brauchst. Es k\u00f6nnen dadurch Muster und Blockaden, dessen Ursache und L\u00f6sungen erfasst werden. Dauer 1h &#8211; 1.5h<\/li>\n\n\n\n<li><strong>Mentale Sitzung:<\/strong> Durch erfassen deiner Gedankeng\u00e4nge ist es m\u00f6glich, deine Blockaden zu erkennen und L\u00f6sungen dessen zu erarbeiten. Dauer ca. 1.5h. <\/li>\n\n\n\n<li><strong>Offene Sitzung<\/strong>: Komme mit einem Anliegen und Thema und wir lassen es entstehen egal ob Medial, Sensitiv und oder mental. Dauer zwischen 1h &#8211; 1.5h.<\/li>\n\n\n\n<li><strong>Energetische Globuli:<\/strong> Ich biete an, zur Sitzung energetische Globuli abzugeben. Ich werde die Globuli mit dem Thema deiner Sitzung und dessen L\u00f6sung aufladen, damit diese dich im Alltag unterst\u00fctzen k\u00f6nnen. Globuli geben dem K\u00f6rper immer wieder einen Impuls ab, was uns helfen kann, einfacher mit dem Verarbeiteten umzugehen. Pro Sitzung einmalige Abgabe, Blister mit Globuli.<\/li>\n<\/ul>\n\n\n\n<p class=\"has-text-align-center has-medium-font-size\">Es wird bei jeder Sitzung eine kurze Anamnese erhoben, diese ist in der Zeit nicht mitgez\u00e4hlt. Damit du gen\u00fcgend Zeit einplanst \ud83d\ude42<\/p>\n\n\n\n<p class=\"has-text-align-center\">Ort: M\u00f6sli 60, 3207 Wileroltigen (Abholung Bahnhof Kerzers m\u00f6glich, da begrenzte \u00d6V Verbindung. Parkplatz vorhanden).<\/p>\n\n\n\n<p class=\"has-text-align-center\">Auf Wunsch auch bei dir zu Hause oder in der Natur.<\/p>\n\n\n\n<p class=\"has-text-align-center\">Ebenfalls m\u00f6glich per Telefon, E- Mail oder Sprachnachricht (Whats app)<\/p>\n\n\n\n<hr class=\"wp-block-separator has-alpha-channel-opacity\"\/>\n\n\n\n<p class=\"has-text-align-center has-large-font-size\"><strong>&#8230; Begleitung bei Verlust von Nahestehenden<\/strong> <strong>oder von dir selbst!<\/strong><\/p>\n\n\n\n<p class=\"has-text-align-center has-medium-font-size\">Du\/ Ihr habt einen Verlust durch einen von dir nahestehenden Menschen erlebt? Oder der Verlust ist absehbar? Du hast eine Diagnose erhalten welche dein Weg bald enden wird? Ich begleite dich\/ euch dabei.<\/p>\n\n\n\n<ul class=\"wp-block-list\">\n<li>Ich h\u00f6re zu <\/li>\n\n\n\n<li>Ich \u00fcbermittle Botschaften<\/li>\n\n\n\n<li>Ich helfe Abschied zu nehmen<\/li>\n\n\n\n<li>Ich begleite euch beim Abschiednehmen in Einrichtungen und \/ oder zu Hause<\/li>\n<\/ul>\n\n\n\n<p class=\"has-text-align-center\"><\/p>\n\n\n\n<hr class=\"wp-block-separator has-alpha-channel-opacity\"\/>\n\n\n\n<p class=\"has-text-align-center has-black-color has-text-color has-large-font-size\" style=\"font-style:normal;font-weight:500\"><strong>&#8230; Coaching im Arbeitsmarkt<\/strong><\/p>\n\n\n\n<p class=\"has-text-align-center has-black-color has-text-color has-medium-font-size\" style=\"font-style:normal;font-weight:400\">Deine Mitarbeitenden oder du als Vorgesetzter sind nicht mehr motiviert? Du weisst nicht wie mit dem Mitarbeiter umzugehen oder du erh\u00e4ltst negative Feedbacks als Vorgesetzter. Es besteht eine hohe Fluktuation auf deiner Abteilung\/ Unternehmen?<\/p>\n\n\n\n<ul class=\"wp-block-list\">\n<li>Coaching mit den Mitarbeitenden auf neutralem Boden <\/li>\n\n\n\n<li>Coaching mit den Mitarbeitenden und Vorgesetzten im Unternehmen <\/li>\n<\/ul>\n\n\n\n<p class=\"has-text-align-center\">Wichtig zu erw\u00e4hnen, ich werde meine F\u00e4higkeiten, in die Menschen zu sp\u00fcren, mit einfliessen lassen. Ich spiegle von aussen und stelle unangenehme Fragen. Ich entlocke so, die m\u00f6gliche Ursache und erarbeite mit dir zusammen L\u00f6sungen.<\/p>\n\n\n\n<p class=\"has-text-align-center\"><\/p>\n\n\n\n<hr class=\"wp-block-separator has-alpha-channel-opacity\"\/>\n\n\n\n<p class=\"has-text-align-center has-large-font-size\"><strong>&#8230; Auszug aus dem Seelenplan<\/strong><\/p>\n\n\n\n<p class=\"has-text-align-center\">Schenke dir oder einer Person deiner Wahl einen Auszug aus deinem\/ihrem Seelenplan. Durch mediales Arbeiten verbinde ich mich mit der Seele und h\u00f6re ihr zu. Es ist oftmals Seelenbalsam f\u00fcr die Person welche es h\u00f6ren\/ lesen darf. Viele AHA- Erlebnisse, es macht einfach Sinn. Der Auszug passt zur aktuellen Situation in deinem Leben. Lass dich \u00fcberraschen!<\/p>\n\n\n\n<p class=\"has-text-align-left\">Folgendes Angebot:<\/p>\n\n\n\n<ul class=\"wp-block-list\">\n<li>Auszug aus dem Seelenplan per Voice mit Mindmap zur Orientierung (PDF per Mail). <\/li>\n\n\n\n<li>Auszug aus dem Seelenplan in schriftlichem Format per Mail (PDF- Datei).<\/li>\n\n\n\n<li>Auszug aus dem Seelenplan in schriftlichem Format ausgedruckt per Post.<\/li>\n<\/ul>\n\n\n\n<hr class=\"wp-block-separator has-alpha-channel-opacity\"\/>\n\n\n\n<p class=\"has-large-font-size\"><strong>Weiter im Angebot Fussreflexzonentherapie, bitte beachte dazu die eigene Seite im Men\u00fc!<\/strong><\/p>\n\n\n\n<hr class=\"wp-block-separator has-alpha-channel-opacity\"\/>\n\n\n\n<p class=\"has-text-align-center\">Was verstehe ich unter <strong>medial:<\/strong><\/p>\n\n\n\n<p class=\"has-text-align-center\">Ich arbeite mit der geistigen Welt zusammen. In der geistigen Welt kann ich mit geistigen Wesen z.B. Verstorbenen, Krafttieren, Schutzengeln, Geistf\u00fchrern in Kontakt treten. Sie zeigen sich mir durch Bilder, Gef\u00fchle und T\u00f6ne. Ich beschreibe was ich sehe, f\u00fchle und h\u00f6re und \u00fcbermittle so eine Botschaft, welche in deine aktuelle Lebenslage passt.<\/p>\n\n\n\n<p class=\"has-text-align-center has-small-font-size\"><\/p>\n\n\n\n<p><\/p>\n\n\n\n<p><\/p>\n\n\n\n<p class=\"has-text-align-center\">Was verstehe ich unter <strong>sensitiv:<\/strong><\/p>\n\n\n\n<p class=\"has-text-align-center\">Beim sensitiven Arbeiten verbinde ich mich mit deiner Seele. Darin enthalten sind viele gespeicherte Erlebnisse, Gef\u00fchle und Emotionen. Dadurch kann ich Muster erkennen und aufzeigen.<\/p>\n\n\n\n<p><\/p>\n\n\n\n<p><\/p>\n\n\n\n<p class=\"has-text-align-center\">Was verstehe ich unter <strong>mental<\/strong>:<\/p>\n\n\n\n<p class=\"has-text-align-center\">Beim mentalen arbeite ich mit deinem Geist zusammen. Ich analysiere deine Gedanken und Abl\u00e4ufe von au\u00dfen, dadurch erkennen wir wo sich deine Blockaden befinden. Durch das erkennen der Blockaden, leite ich dich an, einen L\u00f6sungsweg zu finden. Dadurch k\u00f6nnen wir die verschiedene Ebenen im K\u00f6rper zusammen f\u00fchren. Dies geschieht durch Fragen und ich beziehe verschiedene Modelle mit ein.<\/p>\n\n\n\n<p class=\"has-black-color has-text-color has-medium-font-size\" style=\"font-style:normal;font-weight:500\"><\/p>\n\n\n\n<p><\/p>\n\n\n<div class=\"wp-block-image is-style-rounded\">\n<figure class=\"aligncenter\"><img loading=\"lazy\" decoding=\"async\" width=\"800\" height=\"533\" src=\"https:\/\/beratungmitherz.ch\/wp-content\/uploads\/2022\/07\/DSC_0906-1.jpg\" alt=\"\" class=\"wp-image-176\" srcset=\"https:\/\/beratungmitherz.ch\/wp-content\/uploads\/2022\/07\/DSC_0906-1.jpg 800w, https:\/\/beratungmitherz.ch\/wp-content\/uploads\/2022\/07\/DSC_0906-1-300x200.jpg 300w, https:\/\/beratungmitherz.ch\/wp-content\/uploads\/2022\/07\/DSC_0906-1-768x512.jpg 768w, https:\/\/beratungmitherz.ch\/wp-content\/uploads\/2022\/07\/DSC_0906-1-90x60.jpg 90w\" sizes=\"auto, (max-width: 800px) 100vw, 800px\" \/><\/figure>\n<\/div><\/div>\n<\/div>\n\n\n\n<div class=\"wp-block-buttons is-layout-flex wp-block-buttons-is-layout-flex\"><\/div>\n","protected":false},"excerpt":{"rendered":"<p>&#8230; Zirkel Gemeinsam werden wir mit mentalen, sensitiven und medialen \u00dcbungen dein eigenes Potenzial entdecken. Du wirst lernen eine Verbindung zur geistigen Welt herzustellen und damit umzugehen. Zudem wirst du Muster und Blockaden bei dir und anderen wahrnehmen und lernen mit Ihnen umzugehen. Lass dich \u00fcberraschen. Ort: M\u00f6sli 60, 3207 Wileroltigen H\u00e4ufigkeit: 1x pro Monat &hellip; <\/p>\n","protected":false},"author":3,"featured_media":300,"parent":0,"menu_order":3,"comment_status":"closed","ping_status":"closed","template":"","meta":{"footnotes":""},"class_list":["post-119","page","type-page","status-publish","has-post-thumbnail","hentry","latest_post"],"_links":{"self":[{"href":"https:\/\/beratungmitherz.ch\/index.php?rest_route=\/wp\/v2\/pages\/119","targetHints":{"allow":["GET"]}}],"collection":[{"href":"https:\/\/beratungmitherz.ch\/index.php?rest_route=\/wp\/v2\/pages"}],"about":[{"href":"https:\/\/beratungmitherz.ch\/index.php?rest_route=\/wp\/v2\/types\/page"}],"author":[{"embeddable":true,"href":"https:\/\/beratungmitherz.ch\/index.php?rest_route=\/wp\/v2\/users\/3"}],"replies":[{"embeddable":true,"href":"https:\/\/beratungmitherz.ch\/index.php?rest_route=%2Fwp%2Fv2%2Fcomments&post=119"}],"version-history":[{"count":36,"href":"https:\/\/beratungmitherz.ch\/index.php?rest_route=\/wp\/v2\/pages\/119\/revisions"}],"predecessor-version":[{"id":594,"href":"https:\/\/beratungmitherz.ch\/index.php?rest_route=\/wp\/v2\/pages\/119\/revisions\/594"}],"wp:featuredmedia":[{"embeddable":true,"href":"https:\/\/beratungmitherz.ch\/index.php?rest_route=\/wp\/v2\/media\/300"}],"wp:attachment":[{"href":"https:\/\/beratungmitherz.ch\/index.php?rest_route=%2Fwp%2Fv2%2Fmedia&parent=119"}],"curies":[{"name":"wp","href":"https:\/\/api.w.org\/{rel}","templated":true}]}}

<div class="wp-block-columns is-layout-flex wp-container-core-columns-is-layout-9d6595d7 wp-block-columns-is-layout-flex">
<div class="wp-block-column is-layout-flow wp-block-column-is-layout-flow" style="flex-basis:100%">
<p class="has-text-align-center has-black-color has-text-color has-large-font-size" style="font-style:normal;font-weight:500"><strong>&#8230; Zirkel</strong></p>



<p class="has-text-align-center has-medium-font-size">Gemeinsam werden wir mit mentalen, sensitiven und medialen Übungen dein eigenes Potenzial entdecken. Du wirst lernen eine Verbindung zur geistigen Welt herzustellen und damit umzugehen. Zudem wirst du Muster und Blockaden bei dir und anderen wahrnehmen und lernen mit Ihnen umzugehen.  Lass dich überraschen.</p>



<p class="has-text-align-center has-medium-font-size">Ort: Mösli 60, 3207 Wileroltigen</p>



<p class="has-text-align-center">Häufigkeit: 1x pro Monat Samstagmorgen von 09.00 &#8211; 11.30 Uhr. </p>



<p></p>



<hr class="wp-block-separator has-alpha-channel-opacity"/>



<p></p>



<p></p>



<p class="has-text-align-center has-large-font-size"><strong>&#8230; Einzelberatung</strong></p>



<ul class="wp-block-list">
<li><strong>Mediale Sitzung:</strong> Ich werde einen Kontakt zur geistigen Welt aufbauen und dir eine Botschaft übermitteln. Dauer 1h &#8211; 1.5h</li>



<li><strong>Sensitive Sitzung</strong>: Ich verbinde mich mit deiner Seele und spüre was du jetzt und zukünftig brauchst. Es können dadurch Muster und Blockaden, dessen Ursache und Lösungen erfasst werden. Dauer 1h &#8211; 1.5h</li>



<li><strong>Mentale Sitzung:</strong> Durch erfassen deiner Gedankengänge ist es möglich, deine Blockaden zu erkennen und Lösungen dessen zu erarbeiten. Dauer ca. 1.5h. </li>



<li><strong>Offene Sitzung</strong>: Komme mit einem Anliegen und Thema und wir lassen es entstehen egal ob Medial, Sensitiv und oder mental. Dauer zwischen 1h &#8211; 1.5h.</li>



<li><strong>Energetische Globuli:</strong> Ich biete an, zur Sitzung energetische Globuli abzugeben. Ich werde die Globuli mit dem Thema deiner Sitzung und dessen Lösung aufladen, damit diese dich im Alltag unterstützen können. Globuli geben dem Körper immer wieder einen Impuls ab, was uns helfen kann, einfacher mit dem Verarbeiteten umzugehen. Pro Sitzung einmalige Abgabe, Blister mit Globuli.</li>
</ul>



<p class="has-text-align-center has-medium-font-size">Es wird bei jeder Sitzung eine kurze Anamnese erhoben, diese ist in der Zeit nicht mitgezählt. Damit du genügend Zeit einplanst 🙂</p>



<p class="has-text-align-center">Ort: Mösli 60, 3207 Wileroltigen (Abholung Bahnhof Kerzers möglich, da begrenzte ÖV Verbindung. Parkplatz vorhanden).</p>



<p class="has-text-align-center">Auf Wunsch auch bei dir zu Hause oder in der Natur.</p>



<p class="has-text-align-center">Ebenfalls möglich per Telefon, E- Mail oder Sprachnachricht (Whats app)</p>



<hr class="wp-block-separator has-alpha-channel-opacity"/>



<p class="has-text-align-center has-large-font-size"><strong>&#8230; Begleitung bei Verlust von Nahestehenden</strong> <strong>oder von dir selbst!</strong></p>



<p class="has-text-align-center has-medium-font-size">Du/ Ihr habt einen Verlust durch einen von dir nahestehenden Menschen erlebt? Oder der Verlust ist absehbar? Du hast eine Diagnose erhalten welche dein Weg bald enden wird? Ich begleite dich/ euch dabei.</p>



<ul class="wp-block-list">
<li>Ich höre zu </li>



<li>Ich übermittle Botschaften</li>



<li>Ich helfe Abschied zu nehmen</li>



<li>Ich begleite euch beim Abschiednehmen in Einrichtungen und / oder zu Hause</li>
</ul>



<p class="has-text-align-center"></p>



<hr class="wp-block-separator has-alpha-channel-opacity"/>



<p class="has-text-align-center has-black-color has-text-color has-large-font-size" style="font-style:normal;font-weight:500"><strong>&#8230; Coaching im Arbeitsmarkt</strong></p>



<p class="has-text-align-center has-black-color has-text-color has-medium-font-size" style="font-style:normal;font-weight:400">Deine Mitarbeitenden oder du als Vorgesetzter sind nicht mehr motiviert? Du weisst nicht wie mit dem Mitarbeiter umzugehen oder du erhältst negative Feedbacks als Vorgesetzter. Es besteht eine hohe Fluktuation auf deiner Abteilung/ Unternehmen?</p>



<ul class="wp-block-list">
<li>Coaching mit den Mitarbeitenden auf neutralem Boden </li>



<li>Coaching mit den Mitarbeitenden und Vorgesetzten im Unternehmen </li>
</ul>



<p class="has-text-align-center">Wichtig zu erwähnen, ich werde meine Fähigkeiten, in die Menschen zu spüren, mit einfliessen lassen. Ich spiegle von aussen und stelle unangenehme Fragen. Ich entlocke so, die mögliche Ursache und erarbeite mit dir zusammen Lösungen.</p>



<p class="has-text-align-center"></p>



<hr class="wp-block-separator has-alpha-channel-opacity"/>



<p class="has-text-align-center has-large-font-size"><strong>&#8230; Auszug aus dem Seelenplan</strong></p>



<p class="has-text-align-center">Schenke dir oder einer Person deiner Wahl einen Auszug aus deinem/ihrem Seelenplan. Durch mediales Arbeiten verbinde ich mich mit der Seele und höre ihr zu. Es ist oftmals Seelenbalsam für die Person welche es hören/ lesen darf. Viele AHA- Erlebnisse, es macht einfach Sinn. Der Auszug passt zur aktuellen Situation in deinem Leben. Lass dich überraschen!</p>



<p class="has-text-align-left">Folgendes Angebot:</p>



<ul class="wp-block-list">
<li>Auszug aus dem Seelenplan per Voice mit Mindmap zur Orientierung (PDF per Mail). </li>



<li>Auszug aus dem Seelenplan in schriftlichem Format per Mail (PDF- Datei).</li>



<li>Auszug aus dem Seelenplan in schriftlichem Format ausgedruckt per Post.</li>
</ul>



<hr class="wp-block-separator has-alpha-channel-opacity"/>



<p class="has-large-font-size"><strong>Weiter im Angebot Fussreflexzonentherapie, bitte beachte dazu die eigene Seite im Menü!</strong></p>



<hr class="wp-block-separator has-alpha-channel-opacity"/>



<p class="has-text-align-center">Was verstehe ich unter <strong>medial:</strong></p>



<p class="has-text-align-center">Ich arbeite mit der geistigen Welt zusammen. In der geistigen Welt kann ich mit geistigen Wesen z.B. Verstorbenen, Krafttieren, Schutzengeln, Geistführern in Kontakt treten. Sie zeigen sich mir durch Bilder, Gefühle und Töne. Ich beschreibe was ich sehe, fühle und höre und übermittle so eine Botschaft, welche in deine aktuelle Lebenslage passt.</p>



<p class="has-text-align-center has-small-font-size"></p>



<p></p>



<p></p>



<p class="has-text-align-center">Was verstehe ich unter <strong>sensitiv:</strong></p>



<p class="has-text-align-center">Beim sensitiven Arbeiten verbinde ich mich mit deiner Seele. Darin enthalten sind viele gespeicherte Erlebnisse, Gefühle und Emotionen. Dadurch kann ich Muster erkennen und aufzeigen.</p>



<p></p>



<p></p>



<p class="has-text-align-center">Was verstehe ich unter <strong>mental</strong>:</p>



<p class="has-text-align-center">Beim mentalen arbeite ich mit deinem Geist zusammen. Ich analysiere deine Gedanken und Abläufe von außen, dadurch erkennen wir wo sich deine Blockaden befinden. Durch das erkennen der Blockaden, leite ich dich an, einen Lösungsweg zu finden. Dadurch können wir die verschiedene Ebenen im Körper zusammen führen. Dies geschieht durch Fragen und ich beziehe verschiedene Modelle mit ein.</p>



<p class="has-black-color has-text-color has-medium-font-size" style="font-style:normal;font-weight:500"></p>



<p></p>


<div class="wp-block-image is-style-rounded">
<figure class="aligncenter"><img loading="lazy" decoding="async" width="800" height="533" src="https://beratungmitherz.ch/wp-content/uploads/2022/07/DSC_0906-1.jpg" alt="" class="wp-image-176" srcset="https://beratungmitherz.ch/wp-content/uploads/2022/07/DSC_0906-1.jpg 800w, https://beratungmitherz.ch/wp-content/uploads/2022/07/DSC_0906-1-300x200.jpg 300w, https://beratungmitherz.ch/wp-content/uploads/2022/07/DSC_0906-1-768x512.jpg 768w, https://beratungmitherz.ch/wp-content/uploads/2022/07/DSC_0906-1-90x60.jpg 90w" sizes="auto, (max-width: 800px) 100vw, 800px" /></figure>
</div></div>
</div>



<div class="wp-block-buttons is-layout-flex wp-block-buttons-is-layout-flex"></div>

<p>&#8230; Zirkel Gemeinsam werden wir mit mentalen, sensitiven und medialen Übungen dein eigenes Potenzial entdecken. Du wirst lernen eine Verbindung zur geistigen Welt herzustellen und damit umzugehen. Zudem wirst du Muster und Blockaden bei dir und anderen wahrnehmen und lernen mit Ihnen umzugehen. Lass dich überraschen. Ort: Mösli 60, 3207 Wileroltigen Häufigkeit: 1x pro Monat &hellip; </p>
