{"id":393,"date":"2022-12-13T22:30:28","date_gmt":"2022-12-13T20:30:28","guid":{"rendered":"https:\/\/beratungmitherz.ch\/?page_id=393"},"modified":"2025-03-26T22:41:26","modified_gmt":"2025-03-26T20:41:26","slug":"feedbacks-der-kunden","status":"publish","type":"page","link":"https:\/\/beratungmitherz.ch\/?page_id=393","title":{"rendered":"Feedbacks der Kunden"},"content":{"rendered":"\n<p class=\"has-text-align-center has-small-font-size\">A.L.<\/p>\n\n\n\n<p class=\"has-text-align-center\">E h\u00e4rzleche Rum, e sch\u00f6ni Stimmig, e wunderbare M\u00f6nsch, sch\u00f6ni Beg\u00e4gnige. Beratig mit H\u00e4rz isch ungloublech ber\u00fchrend und emotional e wundersch\u00f6ni Erfahrug gsi. \u00c4s riese Merci vo H\u00e4rze, liebi Regina.<\/p>\n\n\n\n<hr class=\"wp-block-separator has-alpha-channel-opacity\"\/>\n\n\n\n<p class=\"has-text-align-center has-small-font-size\">S.H<\/p>\n\n\n\n<p class=\"has-text-align-center\">Regina hat sich meinem Thema telefonisch angenommen. Ich konnte ihr meine Thematik schildern und sie hat sich dann mit der Quelle verbunden und mir die Botschaften der geistigen Welt mitgeteilt. Ich konnte das gesagte sehr gut annehmen und mich schnell damit identifizieren. Sie hat mir dadurch eine neue Sichtweise aufgezeigt und das Thema konnte somit vollkommen aufgel\u00f6st werden. Herzlichen Dank daf\u00fcr, ich werde bei weiteren Anliegen immer wieder gerne auf Dich zukommen\ud83d\ude4f\ud83c\udffb\u2764\ufe0f <\/p>\n\n\n\n<hr class=\"wp-block-separator has-alpha-channel-opacity\"\/>\n\n\n\n<p class=\"has-text-align-center has-small-font-size\">T.K<\/p>\n\n\n\n<p class=\"has-text-align-center\">&#8222;D&#8217;Regina geit jederziit ganz und gar uf d&#8217;Bed\u00fcrfnis vo eim ih und git eim so dr gr\u00f6sstm\u00fcglich Nutze vo ihrere Beratig. Si macht das mit sehr viu Fiingf\u00fceu und H\u00e4rz, so dass me sich sofort wouf\u00fceut. \u00c4s lohnt sich uf jede Fau, ar Regina ihri Beratig i Aspruch z&#8217;n\u00e4h und sich uf das izlah&#8220;<\/p>\n\n\n\n<hr class=\"wp-block-separator has-alpha-channel-opacity\"\/>\n\n\n\n<p class=\"has-text-align-center has-small-font-size\">P.R<\/p>\n\n\n\n<p class=\"has-text-align-center\">Ich habe Regina darum gebeten, sich mit meiner Tochter zu verbinden und sie anzuh\u00f6ren. Per Voice hat sie mir dann dar\u00fcber informiert. Es war sehr spannend. Ich hatte viele Aha-Effekte, passende Texte aber auch gute Inputs erhalten. Es hat mich gest\u00e4rkt auf meinem\/unserem Weg, dass wir es richtig machen. Regina ist ein ruhiger herzens lieber Mensch und ich werde mich wieder an Sie wenden. <\/p>\n\n\n\n<hr class=\"wp-block-separator has-alpha-channel-opacity\"\/>\n\n\n\n<p class=\"has-text-align-center has-small-font-size\">S.T<\/p>\n\n\n\n<p class=\"has-text-align-center\">Regina schafft eine angenehme Athmosph\u00e4re und konnte mir mit Ihren medialen und sensitiven F\u00e4higkeiten wertvolle Inputs geben f\u00fcr die Fragen, welche mich schon l\u00e4nger besch\u00e4ftigen und ich im Kopf keine Antworten fand. Dies hat mir geholfen, die Thematik f\u00fcr mich zu ordnen. Regina macht ihre Arbeit erfahrbar, dies macht mich gwundrig, noch mehr von ihr zu lernen, herzlichen Dank!<\/p>\n\n\n\n<hr class=\"wp-block-separator has-alpha-channel-opacity\"\/>\n\n\n\n<p class=\"has-text-align-center has-small-font-size\">C.S<\/p>\n\n\n\n<p class=\"has-text-align-center\">Die Fussreflexzonenmassage war einfach himmlisch! Von der ersten Minute an habe ich mich in der entspannten und harmonischen Atmosph\u00e4re absolut wohlgef\u00fchlt. Die liebevolle und professionelle Behandlung mit genau dem richtigen Druck hat sofort eine Entspannung bewirkt und meinen ganzen K\u00f6rper in Balance gebracht. Jeder Handgriff war perfekt abgestimmt und ich habe mich rundum verw\u00f6hnt und wohl gef\u00fchlt. Ich kann die Massage nur w\u00e4rmstens empfehlen- ein wahres Wohlf\u00fchlerlebnis, das K\u00f6rper und Geist erfrischt. Ich freue mich schon auf den n\u00e4chsten Besuch. <\/p>\n\n\n\n<hr class=\"wp-block-separator has-alpha-channel-opacity\"\/>\n\n\n\n<p class=\"has-text-align-center has-small-font-size\">U.H<\/p>\n\n\n\n<p class=\"has-text-align-center\">Danke Regina f\u00fcr dini Fuessmassage. Es h\u00e4t so gu\u00e4t tu\u00e4. Dis Fingerspitzegf\u00fchl eifach nur zum gratuliere. Wi\u00e4 du als chasch gsp\u00fchre so \u00e4 grosses Bravo. Genau das isch so wichtig i dere Massage. I chum bestimmt wider und wenn d\u00e4 Weg au wit her isch. DANKE \ud83d\ude42<\/p>\n\n\n\n<hr class=\"wp-block-separator has-alpha-channel-opacity\"\/>\n\n\n\n<p class=\"has-text-align-center has-small-font-size\">C.R.<\/p>\n\n\n\n<p class=\"has-text-align-center\">Hallo Regina, Endlich nehme ich mir Zeit um dir zu sagen wie es f\u00fcr mich war. Ich fand es sehr sch\u00f6n und beruhigend bei dir. Das Ambiente mit der Musik und die Einrichtung fand ich sehr sch\u00f6n. Und deine einf\u00fchlsame Fussreflexzonen- Massage war wundervoll. Genau die Punkte wo ich und auch du gesp\u00fcrt hast sind meine Problemstellen. Auch die eine Stelle am Halswirbel wo ich schon lange Probleme habe war am anderen Tag besser. Jedenfalls vielen lieben Dank und ich komme bestimmt wieder. <\/p>\n\n\n\n<hr class=\"wp-block-separator has-alpha-channel-opacity\"\/>\n\n\n\n<p><\/p>\n","protected":false},"excerpt":{"rendered":"<p>A.L. E h\u00e4rzleche Rum, e sch\u00f6ni Stimmig, e wunderbare M\u00f6nsch, sch\u00f6ni Beg\u00e4gnige. Beratig mit H\u00e4rz isch ungloublech ber\u00fchrend und emotional e wundersch\u00f6ni Erfahrug gsi. \u00c4s riese Merci vo H\u00e4rze, liebi Regina. S.H Regina hat sich meinem Thema telefonisch angenommen. Ich konnte ihr meine Thematik schildern und sie hat sich dann mit der Quelle verbunden und &hellip; <\/p>\n","protected":false},"author":3,"featured_media":263,"parent":0,"menu_order":0,"comment_status":"closed","ping_status":"closed","template":"","meta":{"footnotes":""},"class_list":["post-393","page","type-page","status-publish","has-post-thumbnail","hentry","latest_post"],"_links":{"self":[{"href":"https:\/\/beratungmitherz.ch\/index.php?rest_route=\/wp\/v2\/pages\/393","targetHints":{"allow":["GET"]}}],"collection":[{"href":"https:\/\/beratungmitherz.ch\/index.php?rest_route=\/wp\/v2\/pages"}],"about":[{"href":"https:\/\/beratungmitherz.ch\/index.php?rest_route=\/wp\/v2\/types\/page"}],"author":[{"embeddable":true,"href":"https:\/\/beratungmitherz.ch\/index.php?rest_route=\/wp\/v2\/users\/3"}],"replies":[{"embeddable":true,"href":"https:\/\/beratungmitherz.ch\/index.php?rest_route=%2Fwp%2Fv2%2Fcomments&post=393"}],"version-history":[{"count":6,"href":"https:\/\/beratungmitherz.ch\/index.php?rest_route=\/wp\/v2\/pages\/393\/revisions"}],"predecessor-version":[{"id":556,"href":"https:\/\/beratungmitherz.ch\/index.php?rest_route=\/wp\/v2\/pages\/393\/revisions\/556"}],"wp:featuredmedia":[{"embeddable":true,"href":"https:\/\/beratungmitherz.ch\/index.php?rest_route=\/wp\/v2\/media\/263"}],"wp:attachment":[{"href":"https:\/\/beratungmitherz.ch\/index.php?rest_route=%2Fwp%2Fv2%2Fmedia&parent=393"}],"curies":[{"name":"wp","href":"https:\/\/api.w.org\/{rel}","templated":true}]}}

<p class="has-text-align-center has-small-font-size">A.L.</p>



<p class="has-text-align-center">E härzleche Rum, e schöni Stimmig, e wunderbare Mönsch, schöni Begägnige. Beratig mit Härz isch ungloublech berührend und emotional e wunderschöni Erfahrug gsi. Äs riese Merci vo Härze, liebi Regina.</p>



<hr class="wp-block-separator has-alpha-channel-opacity"/>



<p class="has-text-align-center has-small-font-size">S.H</p>



<p class="has-text-align-center">Regina hat sich meinem Thema telefonisch angenommen. Ich konnte ihr meine Thematik schildern und sie hat sich dann mit der Quelle verbunden und mir die Botschaften der geistigen Welt mitgeteilt. Ich konnte das gesagte sehr gut annehmen und mich schnell damit identifizieren. Sie hat mir dadurch eine neue Sichtweise aufgezeigt und das Thema konnte somit vollkommen aufgelöst werden. Herzlichen Dank dafür, ich werde bei weiteren Anliegen immer wieder gerne auf Dich zukommen🙏🏻❤️ </p>



<hr class="wp-block-separator has-alpha-channel-opacity"/>



<p class="has-text-align-center has-small-font-size">T.K</p>



<p class="has-text-align-center">&#8222;D&#8217;Regina geit jederziit ganz und gar uf d&#8217;Bedürfnis vo eim ih und git eim so dr grösstmüglich Nutze vo ihrere Beratig. Si macht das mit sehr viu Fiingfüeu und Härz, so dass me sich sofort woufüeut. Äs lohnt sich uf jede Fau, ar Regina ihri Beratig i Aspruch z&#8217;näh und sich uf das izlah&#8220;</p>



<hr class="wp-block-separator has-alpha-channel-opacity"/>



<p class="has-text-align-center has-small-font-size">P.R</p>



<p class="has-text-align-center">Ich habe Regina darum gebeten, sich mit meiner Tochter zu verbinden und sie anzuhören. Per Voice hat sie mir dann darüber informiert. Es war sehr spannend. Ich hatte viele Aha-Effekte, passende Texte aber auch gute Inputs erhalten. Es hat mich gestärkt auf meinem/unserem Weg, dass wir es richtig machen. Regina ist ein ruhiger herzens lieber Mensch und ich werde mich wieder an Sie wenden. </p>



<hr class="wp-block-separator has-alpha-channel-opacity"/>



<p class="has-text-align-center has-small-font-size">S.T</p>



<p class="has-text-align-center">Regina schafft eine angenehme Athmosphäre und konnte mir mit Ihren medialen und sensitiven Fähigkeiten wertvolle Inputs geben für die Fragen, welche mich schon länger beschäftigen und ich im Kopf keine Antworten fand. Dies hat mir geholfen, die Thematik für mich zu ordnen. Regina macht ihre Arbeit erfahrbar, dies macht mich gwundrig, noch mehr von ihr zu lernen, herzlichen Dank!</p>



<hr class="wp-block-separator has-alpha-channel-opacity"/>



<p class="has-text-align-center has-small-font-size">C.S</p>



<p class="has-text-align-center">Die Fussreflexzonenmassage war einfach himmlisch! Von der ersten Minute an habe ich mich in der entspannten und harmonischen Atmosphäre absolut wohlgefühlt. Die liebevolle und professionelle Behandlung mit genau dem richtigen Druck hat sofort eine Entspannung bewirkt und meinen ganzen Körper in Balance gebracht. Jeder Handgriff war perfekt abgestimmt und ich habe mich rundum verwöhnt und wohl gefühlt. Ich kann die Massage nur wärmstens empfehlen- ein wahres Wohlfühlerlebnis, das Körper und Geist erfrischt. Ich freue mich schon auf den nächsten Besuch. </p>



<hr class="wp-block-separator has-alpha-channel-opacity"/>



<p class="has-text-align-center has-small-font-size">U.H</p>



<p class="has-text-align-center">Danke Regina für dini Fuessmassage. Es hät so guät tuä. Dis Fingerspitzegfühl eifach nur zum gratuliere. Wiä du als chasch gspühre so ä grosses Bravo. Genau das isch so wichtig i dere Massage. I chum bestimmt wider und wenn dä Weg au wit her isch. DANKE 🙂</p>



<hr class="wp-block-separator has-alpha-channel-opacity"/>



<p class="has-text-align-center has-small-font-size">C.R.</p>



<p class="has-text-align-center">Hallo Regina, Endlich nehme ich mir Zeit um dir zu sagen wie es für mich war. Ich fand es sehr schön und beruhigend bei dir. Das Ambiente mit der Musik und die Einrichtung fand ich sehr schön. Und deine einfühlsame Fussreflexzonen- Massage war wundervoll. Genau die Punkte wo ich und auch du gespürt hast sind meine Problemstellen. Auch die eine Stelle am Halswirbel wo ich schon lange Probleme habe war am anderen Tag besser. Jedenfalls vielen lieben Dank und ich komme bestimmt wieder. </p>



<hr class="wp-block-separator has-alpha-channel-opacity"/>



<p></p>

<p>A.L. E härzleche Rum, e schöni Stimmig, e wunderbare Mönsch, schöni Begägnige. Beratig mit Härz isch ungloublech berührend und emotional e wunderschöni Erfahrug gsi. Äs riese Merci vo Härze, liebi Regina. S.H Regina hat sich meinem Thema telefonisch angenommen. Ich konnte ihr meine Thematik schildern und sie hat sich dann mit der Quelle verbunden und &hellip; </p>
