{"id":527,"date":"2024-12-05T21:53:24","date_gmt":"2024-12-05T19:53:24","guid":{"rendered":"https:\/\/beratungmitherz.ch\/?page_id=527"},"modified":"2025-08-03T13:56:18","modified_gmt":"2025-08-03T11:56:18","slug":"fussreflexzonenmassage","status":"publish","type":"page","link":"https:\/\/beratungmitherz.ch\/?page_id=527","title":{"rendered":"Fussreflexzonentherapie"},"content":{"rendered":"\n<p>Meine medialen und sensitiven F\u00e4higkeiten erreichen die Seele und k\u00f6nnen ihr Heilung schenken. Der K\u00f6rper darf dabei nicht in Vergessenheit geraten. Die F\u00fcsse symbolisieren den Punkt zwischen dem K\u00f6rper und der Mutter Erde. Er federt so viel ab und tr\u00e4gt uns durchs Leben. Bei einer Fussreflexzonenmassage kann man sich gehen lassen und entspannen. Es dient auch prophylaxtisch f\u00fcr verschiedenen k\u00f6rperliche Disharmonien. Ebenso kann man therapeutisch aktuelle Disharmonie lindern.<\/p>\n\n\n\n<p>Bei der Massage, bleibt man bekleidet und liegt auf dem R\u00fccken. Durch verschiedene Techniken und Druckpunkten massiere ich den Fuss. Rund um den Fuss spiegeln sich Organe, Muskeln, Sehnen u.v.m. vom eigenen K\u00f6rper. Durch verschiedene Techniken, kann ich diese aktivieren und Blockaden l\u00f6sen.<\/p>\n\n\n\n<p>Eine Fussreflexzonenbehandlung kann bei folgenden Themen unterst\u00fctzend sein:<\/p>\n\n\n\n<ul class=\"wp-block-list\">\n<li>Lympathische Belastungen allgemein oder nach Operationen<\/li>\n\n\n\n<li>Allgmeine Abwehrschw\u00e4che<\/li>\n\n\n\n<li>Allergie<\/li>\n\n\n\n<li>Chronische Infekte<\/li>\n\n\n\n<li>Kreislaufst\u00f6rungen<\/li>\n\n\n\n<li>Muskul\u00e4re Probleme z.B. Verspannungen<\/li>\n\n\n\n<li>Hyperaktivit\u00e4t<\/li>\n\n\n\n<li>Verdauungsprobleme<\/li>\n\n\n\n<li>Nerv\u00f6se Beschwerden\/ innere Unruhe<\/li>\n\n\n\n<li>Schlafst\u00f6rungen<\/li>\n\n\n\n<li>Narbenentst\u00f6rung<\/li>\n<\/ul>\n\n\n\n<p>Die Reflexzonenarbeit kann folgende Wirkungen haben:<\/p>\n\n\n\n<ul class=\"wp-block-list\">\n<li>den Blutkreislauf lokal und auf Distanz anregen<\/li>\n\n\n\n<li>die Energie im ganzen K\u00f6rper freisetzen<\/li>\n\n\n\n<li>Organ- und Dr\u00fcsenfunktionen normalisieren<\/li>\n\n\n\n<li>k\u00f6rperliche und geistige Entspannung herbeif\u00fchren<\/li>\n\n\n\n<li>Stoffwechselendprodukte aus dem K\u00f6rper ausscheiden<\/li>\n<\/ul>\n\n\n\n<p>Mit dem Diplom als Abschluss, kann eine Krankenkassenanerkennung beantragt werden. Dies ist mein Ziel f\u00fcr das Jahr 2026. Somit sind die Tarife noch etwas reduzierter. Mit der Krankenkassenanerkennung wird es einen Preisanstieg geben. <\/p>\n\n\n\n<figure class=\"wp-block-image size-large\"><img loading=\"lazy\" decoding=\"async\" width=\"768\" height=\"1024\" src=\"https:\/\/beratungmitherz.ch\/wp-content\/uploads\/2025\/07\/20250629_150048-3-768x1024.jpg\" alt=\"\" class=\"wp-image-570\" srcset=\"https:\/\/beratungmitherz.ch\/wp-content\/uploads\/2025\/07\/20250629_150048-3-768x1024.jpg 768w, https:\/\/beratungmitherz.ch\/wp-content\/uploads\/2025\/07\/20250629_150048-3-225x300.jpg 225w, https:\/\/beratungmitherz.ch\/wp-content\/uploads\/2025\/07\/20250629_150048-3-45x60.jpg 45w, https:\/\/beratungmitherz.ch\/wp-content\/uploads\/2025\/07\/20250629_150048-3-rotated.jpg 1060w\" sizes=\"auto, (max-width: 768px) 100vw, 768px\" \/><\/figure>\n\n\n\n<p><\/p>\n\n\n\n<p>Meine medialen und sensitiven F\u00e4higkeiten kann ich sehr gut einfliessen lassen beim Arbeiten an den F\u00fcssen. Deshalb habe ich ein neues Angebot. Eine Kombination von Massage und medialen\/ sensitiven Reading erm\u00f6glichen es dir, ganzheitlich und umfassend zu erfahren wie es dir und deinem K\u00f6rper geht. Was m\u00f6chte dir dein K\u00f6rper mit deinen Symptomen zeigen? Blockaden und Disharmonien sowie dessen Muster k\u00f6nnen erkannt werden. Ich zeige zur aktuellen Situation in deinem Leben L\u00f6sungsans\u00e4tze und m\u00f6gliche Unterst\u00fctzungen auf.<\/p>\n\n\n\n<p class=\"has-medium-font-size\"><strong>Aktuelles Angebot:<\/strong><\/p>\n\n\n\n<ul class=\"wp-block-list\">\n<li>Fussreflexzonenmassage zur Entspannung Dauer 1h<\/li>\n\n\n\n<li>Fussreflexzonenbehandlung mit erstellen eines individuellen Behandlungsplans, daraus resultieren weitere Behandlungen. Erstbehandlung Dauer ca. 1.5h &#8211; 2h, weiterf\u00fchrende Behandlungen ca. 30min. &#8211; 60 min.<\/li>\n\n\n\n<li>Fussreflexzonenmassage mit medialem\/sensitivem Reading Dauer ca. 1.5h &#8211; 2h.<\/li>\n<\/ul>\n\n\n\n<p><\/p>\n\n\n\n<p><strong>Ort:<\/strong> Praxisraum beratung mit herz, M\u00f6sli 60, 3207 Wileroltigen oder bei dir Hause.<\/p>\n\n\n\n<p><\/p>\n","protected":false},"excerpt":{"rendered":"<p>Meine medialen und sensitiven F\u00e4higkeiten erreichen die Seele und k\u00f6nnen ihr Heilung schenken. Der K\u00f6rper darf dabei nicht in Vergessenheit geraten. Die F\u00fcsse symbolisieren den Punkt zwischen dem K\u00f6rper und der Mutter Erde. Er federt so viel ab und tr\u00e4gt uns durchs Leben. Bei einer Fussreflexzonenmassage kann man sich gehen lassen und entspannen. Es dient &hellip; <\/p>\n","protected":false},"author":3,"featured_media":263,"parent":0,"menu_order":0,"comment_status":"closed","ping_status":"closed","template":"","meta":{"footnotes":""},"class_list":["post-527","page","type-page","status-publish","has-post-thumbnail","hentry","latest_post"],"_links":{"self":[{"href":"https:\/\/beratungmitherz.ch\/index.php?rest_route=\/wp\/v2\/pages\/527","targetHints":{"allow":["GET"]}}],"collection":[{"href":"https:\/\/beratungmitherz.ch\/index.php?rest_route=\/wp\/v2\/pages"}],"about":[{"href":"https:\/\/beratungmitherz.ch\/index.php?rest_route=\/wp\/v2\/types\/page"}],"author":[{"embeddable":true,"href":"https:\/\/beratungmitherz.ch\/index.php?rest_route=\/wp\/v2\/users\/3"}],"replies":[{"embeddable":true,"href":"https:\/\/beratungmitherz.ch\/index.php?rest_route=%2Fwp%2Fv2%2Fcomments&post=527"}],"version-history":[{"count":8,"href":"https:\/\/beratungmitherz.ch\/index.php?rest_route=\/wp\/v2\/pages\/527\/revisions"}],"predecessor-version":[{"id":592,"href":"https:\/\/beratungmitherz.ch\/index.php?rest_route=\/wp\/v2\/pages\/527\/revisions\/592"}],"wp:featuredmedia":[{"embeddable":true,"href":"https:\/\/beratungmitherz.ch\/index.php?rest_route=\/wp\/v2\/media\/263"}],"wp:attachment":[{"href":"https:\/\/beratungmitherz.ch\/index.php?rest_route=%2Fwp%2Fv2%2Fmedia&parent=527"}],"curies":[{"name":"wp","href":"https:\/\/api.w.org\/{rel}","templated":true}]}}

<p>Meine medialen und sensitiven Fähigkeiten erreichen die Seele und können ihr Heilung schenken. Der Körper darf dabei nicht in Vergessenheit geraten. Die Füsse symbolisieren den Punkt zwischen dem Körper und der Mutter Erde. Er federt so viel ab und trägt uns durchs Leben. Bei einer Fussreflexzonenmassage kann man sich gehen lassen und entspannen. Es dient auch prophylaxtisch für verschiedenen körperliche Disharmonien. Ebenso kann man therapeutisch aktuelle Disharmonie lindern.</p>



<p>Bei der Massage, bleibt man bekleidet und liegt auf dem Rücken. Durch verschiedene Techniken und Druckpunkten massiere ich den Fuss. Rund um den Fuss spiegeln sich Organe, Muskeln, Sehnen u.v.m. vom eigenen Körper. Durch verschiedene Techniken, kann ich diese aktivieren und Blockaden lösen.</p>



<p>Eine Fussreflexzonenbehandlung kann bei folgenden Themen unterstützend sein:</p>



<ul class="wp-block-list">
<li>Lympathische Belastungen allgemein oder nach Operationen</li>



<li>Allgmeine Abwehrschwäche</li>



<li>Allergie</li>



<li>Chronische Infekte</li>



<li>Kreislaufstörungen</li>



<li>Muskuläre Probleme z.B. Verspannungen</li>



<li>Hyperaktivität</li>



<li>Verdauungsprobleme</li>



<li>Nervöse Beschwerden/ innere Unruhe</li>



<li>Schlafstörungen</li>



<li>Narbenentstörung</li>
</ul>



<p>Die Reflexzonenarbeit kann folgende Wirkungen haben:</p>



<ul class="wp-block-list">
<li>den Blutkreislauf lokal und auf Distanz anregen</li>



<li>die Energie im ganzen Körper freisetzen</li>



<li>Organ- und Drüsenfunktionen normalisieren</li>



<li>körperliche und geistige Entspannung herbeiführen</li>



<li>Stoffwechselendprodukte aus dem Körper ausscheiden</li>
</ul>



<p>Mit dem Diplom als Abschluss, kann eine Krankenkassenanerkennung beantragt werden. Dies ist mein Ziel für das Jahr 2026. Somit sind die Tarife noch etwas reduzierter. Mit der Krankenkassenanerkennung wird es einen Preisanstieg geben. </p>



<figure class="wp-block-image size-large"><img loading="lazy" decoding="async" width="768" height="1024" src="https://beratungmitherz.ch/wp-content/uploads/2025/07/20250629_150048-3-768x1024.jpg" alt="" class="wp-image-570" srcset="https://beratungmitherz.ch/wp-content/uploads/2025/07/20250629_150048-3-768x1024.jpg 768w, https://beratungmitherz.ch/wp-content/uploads/2025/07/20250629_150048-3-225x300.jpg 225w, https://beratungmitherz.ch/wp-content/uploads/2025/07/20250629_150048-3-45x60.jpg 45w, https://beratungmitherz.ch/wp-content/uploads/2025/07/20250629_150048-3-rotated.jpg 1060w" sizes="auto, (max-width: 768px) 100vw, 768px" /></figure>



<p></p>



<p>Meine medialen und sensitiven Fähigkeiten kann ich sehr gut einfliessen lassen beim Arbeiten an den Füssen. Deshalb habe ich ein neues Angebot. Eine Kombination von Massage und medialen/ sensitiven Reading ermöglichen es dir, ganzheitlich und umfassend zu erfahren wie es dir und deinem Körper geht. Was möchte dir dein Körper mit deinen Symptomen zeigen? Blockaden und Disharmonien sowie dessen Muster können erkannt werden. Ich zeige zur aktuellen Situation in deinem Leben Lösungsansätze und mögliche Unterstützungen auf.</p>



<p class="has-medium-font-size"><strong>Aktuelles Angebot:</strong></p>



<ul class="wp-block-list">
<li>Fussreflexzonenmassage zur Entspannung Dauer 1h</li>



<li>Fussreflexzonenbehandlung mit erstellen eines individuellen Behandlungsplans, daraus resultieren weitere Behandlungen. Erstbehandlung Dauer ca. 1.5h &#8211; 2h, weiterführende Behandlungen ca. 30min. &#8211; 60 min.</li>



<li>Fussreflexzonenmassage mit medialem/sensitivem Reading Dauer ca. 1.5h &#8211; 2h.</li>
</ul>



<p></p>



<p><strong>Ort:</strong> Praxisraum beratung mit herz, Mösli 60, 3207 Wileroltigen oder bei dir Hause.</p>



<p></p>

<p>Meine medialen und sensitiven Fähigkeiten erreichen die Seele und können ihr Heilung schenken. Der Körper darf dabei nicht in Vergessenheit geraten. Die Füsse symbolisieren den Punkt zwischen dem Körper und der Mutter Erde. Er federt so viel ab und trägt uns durchs Leben. Bei einer Fussreflexzonenmassage kann man sich gehen lassen und entspannen. Es dient &hellip; </p>
